-10 - -16) - (-1 - (-3 + 2)).
-3
What is 0 + -20 - (-158 - -129)?
9
(-613 - -628) + -1 + -27
-13
(-5 - (-8 - 2) - -1) + (-8 - 1)
-3
-14 + -1 + 11 + -9 - -6
-7
Calculate 2 + (-13 - 47) + 34.
-24
What is -14 - (4 + (5 - 4) + (-2 - 9))?
-8
18 + 12 + (-54 - (-2 + -15))
-7
Calculate -2 - -2 - (-33 - -29 - (-2 - 3)).
-1
Evaluate -13 + 9 - 0 - 9 - -14.
1
Evaluate -5 + (1 - (-4 - -18) - (2 + -8)).
-12
Calculate 7 + ((12 - 5) + -2 - 14).
-2
What is -10 + 40 + (2 - 8) - 9?
15
What is the value of 17 + -19 + (13 - (-3 + 6)) + 5?
13
-25 + -9 - -52 - (3 + -2 + -2)
19
-37 - -21 - (3 + (4 - 3) - 3)
-17
Evaluate (-32 - -4) + 6 - (-14 + 14).
-22
What is 0 + 5 + (-4 - (42 + -22)) + 15?
-4
Calculate (-5 + 1 - (-5 + 4 + 8)) + 7.
-4
Evaluate 23 + (14 - (14 - -15)) - -12.
20
Calculate (4 - -13) + (8 - 5 - 10).
10
What is the value of -2656 + 2693 - (1 + 23)?
13
What is the value of -7 + 8 + 10 + -5?
6
What is (-1 - 1) + 75 + -88?
-15
Calculate -11 + (-1 - -2) + 24 + -27 + 35.
22
What is 6 - (1 - (6 - 5))?
6
What is -28 + 20 + 2 - -26?
20
Evaluate -28 + 44 + 8 - 25.
-1
What is the value of -4 + (-4 + 4 + -5 - -7) + 8?
6
What is (16 - 17) + 5 + -12?
-8
-19 + (34 - (-5 + -6))
26
What is the value of 0 + -2 + 9 + -5 + -6 + 7?
3
Evaluate 17 + 7 + 6 + -9.
21
59 + (-15 - 34) + -1 + -1 + 0
8
-5 - -13 - (5 - ((5 - 11) + 10))
7
Evaluate (14 - 6) + 19 + -31.
-4
What is -9 - (-11 - ((1 - -5) + -3 + 1))?
6
Evaluate -27 - -34 - (-1 + -1) - (-2 - -14).
-3
Calculate -4 + -4 + (22 - 28) + (3 - 0).
-11
Calculate -3 - -1 - (-43 + (-24 - -52)).
13
What is the value of (8 - 6 - -9) + 9 - (-20 + 12)?
28
0 - 11 - (-20 + 16 + 9 + -11)
-5
(-23 - (1 - (-13 - -32))) + 15
10
12 + (0 + 1 - (-29 - -41))
1
-8 + (20 - 17) + (1 - 2 - -17)
11
-11 + 6 - (-3 - ((5 - -9) + -2))
10
What is the value of -122 + 111 - (3 + 1 + -3)?
-12
Calculate -21 + 8 - -13 - (-3 - -6).
-3
Evaluate 1 + (-48 + 20 - -25).
-2
Calculate 17 - (-14 + 15 + -1).
17
Calculate 4 - (2 - (-10 - (-7 - (-1 - 1)))).
-3
What is -16 + -6 + (-7 - -12 - -8) + -13?
-22
What is the value of (-19 + (-9 - -17) - 3) + 4 + 5?
-5
What is the value of 1 + -2 + (-14 - (-3 - 10))?
-2
What is 14 + -6 + -36 + 37?
9
3 + (2 - 26 - (-26 - (-26 + 4)))
-17
What is the value of -3 + 0 + (15 - 9) + (-1 - -7)?
9
What is -4 - (-4 + 1 + -1 - (-69 + 81))?
12
Calculate (13 - 25) + (4 - 4) + 3.
-9
(2 - 3) + 1 + (62 - 34 - 37)
-9
Calculate (117 - 104) + (7 - 0) - 7.
13
What is the value of -1 - 1 - -12 - 5?
5
Evaluate 26 + -21 - ((-1 + -3 - -7) + 1).
1
16 + (-10 - -25) + -1 + -8
22
What is the value of -26 + -10 + 20 + (5 - 2)?
-13
Evaluate -21 + -3 + 3 + -2 + -11.
-34
Evaluate 29 + -1 + -13 + -10.
5
What is the value of 5 - (-1 - ((-10 - -4) + 7) - -1)?
6
What is the value of 0 + (2 - 8) - (47 + -12 + -23)?
-18
-1 + -1 + 3 - (125 + -122)
-2
What is -12 - ((9 - 4) + -6)?
-11
Evaluate (-15 + 8 + 0 - -1) + 19 + 0.
13
What is 23 - (30 + -29) - 28?
-6
Evaluate 98 + -29 + 28 + -64.
33
Calculate -34 - (4 - (40 + -19)).
-17
1 - (7 - (-4 + (-8 + 2 - -31)))
15
(113 - 95) + (7 - 0) + -3 - -3
25
Evaluate -9 + 47 - 25 - (1 - -2).
10
Evaluate -4 + (-14 - -12) + -8 + (-1 - -2).
-13
Evaluate -8 + -2 - -3 - (4 - 4).
-7
14 - (-24 + 24) - 6
8
What is -19 + -1 + 0 + -33 + 40?
-13
What is -7 - (19 + -3 - 10 - -3) - -4?
-12
Evaluate 11 + -13 + -10 + 8 + 13.
9
Calculate (8 - -1) + (233 - 240).
2
What is the value of 19 - (-22 - -37) - (2 + 0)?
2
Evaluate (18 - (-7 + 1 - -3)) + (4 - 5).
20
What is -40 + -3 + 21 + 11?
-11
Calculate 27 + 0 + (42 - (17 + -4)) + -40.
16
Evaluate -7 - ((-13 + -2 - -8) + -28).
28
What is -40 + 0 - -28 - (-1 + 3 + 0)?
-14
What is the value of -1 - (-1 + 2) - (60 + -125 + 70)?
-7
What is 28 + -57 + 64 + -19?
16
What is the value of -1 + -1 + -1 + (70 - 23 - 35)?
9
Calculate -16 + 8 + -21 + 5 - (-8 + 2).
-18
Evaluate (6 - 3) + (0 - -12) + -26.
-11
Calculate (-2 - (-3 + 0)) + (-4 + -2 - 6).
-11
What is -1 + -17 + 9 + -2 + 11?
0
(-2 + 9 - (13 - 6) - -1) + -14
-13
Evaluate -184 + 150 + 6 + 0 - -14.
-14
Evaluate 4 + -9 - 1 - (-4 + 1) - -1.
-2
Evaluate 9 + 5 + -5 + -5 + (9 - -15).
28
Evaluate (13 + -15 - -2) + (8 - 3).
5
Evaluate (-11 - -16 - -14) + (0 - 2).
17
Evaluate (-7 - (17 - 11)) + 8.
-5
Evaluate 14 - (5 + 10 - 14).
13
Calculate (4 - -16) + -27 - -13.
6
(-10 - (-2 - (-5 + 6))) + 15 - 14
-6
Calculate -10 - ((1 - 7) + 21 + -17) - 4.
-12
Calculate 155 + -158 + (0 - 1).
-4
What is 10 + 9 + -12 + 10?
17
Evaluate -13 - ((-31 - -14) + 2).
2
What is the value of -6 - ((0 + -1 + 6 - 18) + 4)?
3
Evaluate 4 + -13 + -19 + 15.
-13
What is 849 + -853 + (-6 - -3) + 1 + 14?
8
What is -9 - 11 - -35 - 7?
8
Calculate -32 + 56 + -28 - -28.
24
-7 + (5 - -1) + 6 + -7
-2
What is the value of -10 + (-10 - (10 - (-1 - -12)))?
-19
What is the value of (-22 - 2) + 95 + -71?
0
What is the value of -34 - (8 - 36) - 8?
-14
Evaluate -7 + (-11 - (9 - 16)).
-11
What is the value of 11 - (-8 - -5) - 25?
-11
(31 - (-15 - -47)) + 12 + 0
11
Calculate -2 + 25 + -31 + 17.
9
Calculate -2 + 7 + (-7 - -4 - 4) + -1.
-3
Calculate (87 - 78) + 3 + (-6 - -30).
36
-2 + -1 - (152 - 184)
29
Evaluate 13 + -18 - -16 - (7 + -1).
5
Evaluate -10 + 41 + 3 + (-27 - (-2 + -14)).
23
Calculate 15 + (1 - 8) + (-55 - -66).
19
What is -10 + (8 + -2 - 6) - -1?
-9
What is the value of 10 - ((11 - 11) + (-3 - -2 - -1))?
10
What is -8 - (-14 - (-29 + 20) - (1 - 10))?
-12
(-21 - (-3 - 27)) + (2 - 10)
1
What is (8 - 0) + (36 + -126 - -79)?
-3
What is the value of (1 - -2) + (49 - (143 - 85))?
-6
16 - (7 - 0 - 1 - (-81 - -85))
14
(19 - (-6 - -4)) + -15
6
Calculate -16 + -1 - (-85 + 74).
-6
-1 + 2 - 4 - (-13 + 14) - -14
10
What is -30 + 32 + 6 - 9?
-1
What is the value of (11 - -6) + -29 + 10 + 32?
30
Calculate (-15 + 5 - -13) + 3.
6
Evaluate 13 + -16 + -9 - (-4 - -1).
-9
What is -20 - (0 + (2 - (1 + -5)) + -2)?
-24
What is (-7 + -3 + -21 - -7) + 0?
-24
Evaluate (-1 - 1) + (0 + 14 - 6) + -1.
5
Evaluate -10 + 6 + 21 + -37.
-20
What is the value of 23 - (-22 + 75 - 13)?
-17
Calculate 41 + -5 - (4 + -4 + 2 - -7).
27
Calculate 22 + -28 + 2 + 18.
14
Calculate -20 - (1 + (22 - 37)).
-6
What is 9 + -11 + -4 + 4?
-2
Evaluate -12 + (0 - 16) + 6 + 15.
-7
Calculate 5 - (14 - (-10 - -3 - (19 - 21))).
-14
0 + 6 + 268 + -261 - -14
27
What is -4 + ((0 - -3 - -25) + -11 - 6)?
7
-851 + 887 + (-2 - 6)
28
What is -17 - (13 - (9 + 23))?
2
Calculate -1 + 20 - (71 - 44).
-8
Evaluate -24 - (16 + -16 - 10).
-14
What is (5 - 0) + (83 - 102)?
-14
What is the value of 13 + -11 + (4 - (-6 - -3))?
9
What is (1 - -2 - (7 - -1)) + -7 - -3?
-9
What is -22 + (-5 - 2 - -12)?
-17
What is (2 + 1 + 1 - -8) + 25 + -26?
11
Calculate (34 - 30) + (-4 - -3 - 6).
-3
-168 - -170 - (9 + -9 - (-1 + 2))
3
What is 1 + 30 + 14 + -18?
27
2 - 1 - (-716 - -735)
-18
Evaluate (14 - (3 + 5 - -10)) + -3.
-7
Evaluate -2 + (2 - 15) - -10.
-5
Calculate -7 + -9 + (38 - 26).
-4
What is -11 - -3 - 0 - (-2 + -2)?
-4
Evaluate -20 - (-6 - -8 - 9).
-13
Calculate 232 + -234 + (4 - 1) - 7.
-6
What is -24 - (-37 + 7 + 7)?
-1
Evaluate (26 + 19 - 36) + 1 + -1 + 1.
10
What is 1 + 15 + -27 + 6 + 0 + 3?
-2
-16 + (-13 - -18) + 10
-1
What is (9 + -3 - 12) + 2?
-4
What is -7 + 1 - (-24 - -12) - 1?
5
What is the value of -6 - (9 - 24 - -2) - 16?
-9
What is (-10 + 6 - 1 - -7) + 8?
10
What is the value of (-1 - (-4 + 1)) + (4 - 15 - 5)?
-14
What is the value of 2 - (0 + -6 - (146 - 153)) - -4?
5
Calculate -32 + 7 + -85 + 129.
19
What is the value of -10 + 11 - 2 - 4?
-5
What is the value of 37 - (-52 - -84) - (-1 - -18)?
-12
17 - (9 - 17 - -6)
19
Evaluate 2 + -16 - (-33 + 5 + 18).
-4
6 + (-9 - -6) + -1 - (1 + -6)
7
4 + 1 - 11 - (-2 - -2)
-6
What is the value of (0 - (8 + 5 + -8)) + -6?
-11
17 - (14 + (33 - 15))
-15
Evaluate (37 - 37) + (15 - (5 - (-3 + 4))).
11
What is the value of (-1 - 18) + (-6 - (-14 + 6))?
-17
42 - (28 + (24 - -6))
-16
14 + 3 + 3 + (-2 + -5 - 3)
10
Calculate 3 + -20 - (-20 + -1).
4
What is the value of -3 + -1 + (-5 - (-10 - -7)) + -2?
-8
Evaluate -7 + -1 - (-18 - -3) - (7 - 8).
8
What is 3 - ((16 + -19 - -6) + (0 - 3))?
3
Evaluate (13 - 4 - 5) + -7 + 7 - 9.
-5
Evaluate (5 - -1) + -1 + (27 - 25) + -13.
-6
What is 12 - (11 - -9 - 8)?
0
Calculate -2 + (32 - 8) - ((2 - -11) + -6).
15
Evaluate 25 + -12 + 9 - 46.
-24
Evaluate (-2 - 0) + -8 - (-4 - 0).
-6
What is 31 + -48 + -33 + 69?
19
